{"id":44,"date":"2017-06-12T13:18:50","date_gmt":"2017-06-12T13:18:50","guid":{"rendered":"https:\/\/swissregistration.ch\/wp\/?page_id=44"},"modified":"2025-05-06T16:46:48","modified_gmt":"2025-05-06T16:46:48","slug":"rechtsgrundlagen-der-gmbh","status":"publish","type":"page","link":"https:\/\/swissregistration.ch\/fr\/die-gmbh\/rechtsgrundlagen-der-gmbh\/","title":{"rendered":"Fondements juridiques de la S\u00e0rl"},"content":{"rendered":"<h3 style=\"text-align: left;\" align=\"center\">Conditions de base<\/h3>\n<ul style=\"text-align: left;\">\n<li>Au moins un g\u00e9rant doit \u00eatre domicili\u00e9 en Suisse<\/li>\n<li>Tous les associ\u00e9es et les g\u00e9rants doivent avoir 18 ans au moins<\/li>\n<li>Le capital social ou l&rsquo;apport en nature doit \u00eatre justifiable<\/li>\n<\/ul>\n<h3 style=\"text-align: left;\">Fondements juridiques de la S\u00e0rl<\/h3>\n<p style=\"text-align: left;\">Vous trouverez les fondements juridiques dans le droit des obligations, Titre vingt-huit \u00ab\u00a0La soci\u00e9t\u00e9 \u00e0<br \/>\nresponsabilit\u00e9 limit\u00e9e\u00a0\u00bb. Le texte exact de la r\u00e8gle de droit peut \u00eatre consult\u00e9 ici: <a href=\"http:\/\/www.admin.ch\/ch\/f\/rs\/220\/index3.html\" target=\"_blank\" rel=\"noopener\">Art. 772-827 OR<\/a><\/p>\n<h3 style=\"text-align: left;\" align=\"center\">Fondements juridiques de l&rsquo;enregistrement au registre du commerce et des soci\u00e9t\u00e9s<\/h3>\n<p style=\"text-align: left;\">Les fondements juridiques relatifs \u00e0 l&rsquo;inscription au registre du commerce et des soci\u00e9t\u00e9s figurent<br \/>\ndans le d\u00e9cret de compl\u00e9tion et d&rsquo;application du Droit des obligations. Le texte exact de la r\u00e8gle de<br \/>\ndroit peut \u00eatre consult\u00e9 ici: <a href=\"http:\/\/www.admin.ch\/ch\/f\/rs\/220\/index4.html\" target=\"_blank\" rel=\"noopener\">HRegV<\/a><\/p>\n","protected":false},"excerpt":{"rendered":"<p>Conditions de base Au moins un g\u00e9rant doit \u00eatre domicili\u00e9 en Suisse Tous les associ\u00e9es et les g\u00e9rants doivent avoir 18 ans au moins Le capital social ou l&rsquo;apport en nature doit \u00eatre justifiable Fondements juridiques de la S\u00e0rl Vous trouverez les fondements juridiques dans le droit des obligations, Titre\u2026<\/p>\n<p> <a class=\"continue-reading-link\" href=\"https:\/\/swissregistration.ch\/fr\/die-gmbh\/rechtsgrundlagen-der-gmbh\/\"><span>Continue reading<\/span><i class=\"crycon-right-dir\"><\/i><\/a> <\/p>\n","protected":false},"author":2,"featured_media":0,"parent":32,"menu_order":0,"comment_status":"closed","ping_status":"closed","template":"","meta":{"footnotes":""},"class_list":["post-44","page","type-page","status-publish","hentry"],"translation":{"provider":"WPGlobus","version":"3.0.2","language":"fr","enabled_languages":["de","fr","it"],"languages":{"de":{"title":true,"content":true,"excerpt":false},"fr":{"title":true,"content":true,"excerpt":false},"it":{"title":true,"content":true,"excerpt":false}}},"_links":{"self":[{"href":"https:\/\/swissregistration.ch\/fr\/wp-json\/wp\/v2\/pages\/44","targetHints":{"allow":["GET"]}}],"collection":[{"href":"https:\/\/swissregistration.ch\/fr\/wp-json\/wp\/v2\/pages"}],"about":[{"href":"https:\/\/swissregistration.ch\/fr\/wp-json\/wp\/v2\/types\/page"}],"author":[{"embeddable":true,"href":"https:\/\/swissregistration.ch\/fr\/wp-json\/wp\/v2\/users\/2"}],"replies":[{"embeddable":true,"href":"https:\/\/swissregistration.ch\/fr\/wp-json\/wp\/v2\/comments?post=44"}],"version-history":[{"count":19,"href":"https:\/\/swissregistration.ch\/fr\/wp-json\/wp\/v2\/pages\/44\/revisions"}],"predecessor-version":[{"id":1917,"href":"https:\/\/swissregistration.ch\/fr\/wp-json\/wp\/v2\/pages\/44\/revisions\/1917"}],"up":[{"embeddable":true,"href":"https:\/\/swissregistration.ch\/fr\/wp-json\/wp\/v2\/pages\/32"}],"wp:attachment":[{"href":"https:\/\/swissregistration.ch\/fr\/wp-json\/wp\/v2\/media?parent=44"}],"curies":[{"name":"wp","href":"https:\/\/api.w.org\/{rel}","templated":true}]}}

Fondements juridiques de la Sàrl

<h3 style="text-align: left;" align="center">Conditions de base</h3>
<ul style="text-align: left;">
<li>Au moins un gérant doit être domicilié en Suisse</li>
<li>Tous les associées et les gérants doivent avoir 18 ans au moins</li>
<li>Le capital social ou l&rsquo;apport en nature doit être justifiable</li>
</ul>
<h3 style="text-align: left;">Fondements juridiques de la Sàrl</h3>
<p style="text-align: left;">Vous trouverez les fondements juridiques dans le droit des obligations, Titre vingt-huit « La société à<br />
responsabilité limitée ». Le texte exact de la règle de droit peut être consulté ici: <a href="http://www.admin.ch/ch/f/rs/220/index3.html" target="_blank" rel="noopener">Art. 772-827 OR</a></p>
<h3 style="text-align: left;" align="center">Fondements juridiques de l&rsquo;enregistrement au registre du commerce et des sociétés</h3>
<p style="text-align: left;">Les fondements juridiques relatifs à l&rsquo;inscription au registre du commerce et des sociétés figurent<br />
dans le décret de complétion et d&rsquo;application du Droit des obligations. Le texte exact de la règle de<br />
droit peut être consulté ici: <a href="http://www.admin.ch/ch/f/rs/220/index4.html" target="_blank" rel="noopener">HRegV</a></p>

<p>Conditions de base Au moins un gérant doit être domicilié en Suisse Tous les associées et les gérants doivent avoir 18 ans au moins Le capital social ou l&rsquo;apport en nature doit être justifiable Fondements juridiques de la Sàrl Vous trouverez les fondements juridiques dans le droit des obligations, Titre…</p>
<p> <a class="continue-reading-link" href="https://swissregistration.ch/fr/die-gmbh/rechtsgrundlagen-der-gmbh/"><span>Continue reading</span><i class="crycon-right-dir"></i></a> </p>
